{"id":4809,"date":"2018-05-31T13:07:02","date_gmt":"2018-05-31T13:07:02","guid":{"rendered":"https:\/\/belfis.rs\/?page_id=4809"},"modified":"2019-08-31T22:41:40","modified_gmt":"2019-08-31T22:41:40","slug":"viii-europaeischer-fitnesskongress","status":"publish","type":"page","link":"https:\/\/belfis.rs\/de\/viii-europaeischer-fitnesskongress\/","title":{"rendered":"VIII Europ\u00e4ischer Fitnesskongress"},"content":{"rendered":"<p>[et_pb_section fb_built=&#8220;1&#8243; _builder_version=&#8220;3.0.47&#8243;][et_pb_row _builder_version=&#8220;3.0.47&#8243; background_size=&#8220;initial&#8220; background_position=&#8220;top_left&#8220; background_repeat=&#8220;repeat&#8220;][et_pb_column type=&#8220;4_4&#8243; _builder_version=&#8220;3.0.47&#8243; parallax=&#8220;off&#8220; parallax_method=&#8220;on&#8220;][et_pb_blurb title=&#8220;IX Europ\u00e4ischer Fitnesskongress&#8220; _builder_version=&#8220;3.0.93&#8243; header_font=&#8220;|700||on|||||&#8220; header_text_align=&#8220;center&#8220; header_font_size=&#8220;25px&#8220; custom_margin=&#8220;||0px|&#8220; custom_padding=&#8220;||0px|&#8220;][\/et_pb_blurb][et_pb_image src=&#8220;https:\/\/belfis.rs\/wp-content\/uploads\/2019\/08\/IX-BANER-za-sajt-Nem.jpg&#8220; _builder_version=&#8220;3.0.93&#8243;][\/et_pb_image][\/et_pb_column][\/et_pb_row][et_pb_row _builder_version=&#8220;3.0.93&#8243;][et_pb_column type=&#8220;4_4&#8243; _builder_version=&#8220;3.0.47&#8243; parallax=&#8220;off&#8220; parallax_method=&#8220;on&#8220;][et_pb_text _builder_version=&#8220;3.0.93&#8243;]Der European Fitness Congress ist eine Manifestation von nationaler Bedeutung, die zum achten Mal in Folge mit Unterst\u00fctzung des Ministeriums f\u00fcr Jugend und Sport der Verein f\u00fcr Erholung und Fitness in Serbien erfolgreich umgesetzt wird.<\/p>\n<p>Der European Fitness Congress gilt zu Recht als die wichtigste Veranstaltung seiner Art in der Region, die Ma\u00dfst\u00e4be setzt und sich im Laufe der Jahre verbessert (kompetente Dozenten, Simultan\u00fcbersetzung zu den h\u00f6chsten Standards, Ern\u00e4hrung und Erfrischung, Zertifikate und Materialien f\u00fcr Studenten usw.).<br \/>\n[\/et_pb_text][\/et_pb_column][\/et_pb_row][et_pb_row _builder_version=&#8220;3.0.93&#8243;][et_pb_column type=&#8220;1_3&#8243; _builder_version=&#8220;3.0.93&#8243; parallax=&#8220;off&#8220; parallax_method=&#8220;on&#8220;][et_pb_image src=&#8220;https:\/\/belfis.rs\/wp-content\/uploads\/2019\/08\/Program-IX-Evropskog-fitness-kongresa-04.jpg&#8220; show_in_lightbox=&#8220;on&#8220; _builder_version=&#8220;3.0.93&#8243;][\/et_pb_image][\/et_pb_column][et_pb_column type=&#8220;1_3&#8243; _builder_version=&#8220;3.0.93&#8243; parallax=&#8220;off&#8220; parallax_method=&#8220;on&#8220;][et_pb_image src=&#8220;https:\/\/belfis.rs\/wp-content\/uploads\/2019\/08\/Program-IX-Evropskog-fitness-kongresa-03.jpg&#8220; show_in_lightbox=&#8220;on&#8220; _builder_version=&#8220;3.0.93&#8243; locked=&#8220;off&#8220;][\/et_pb_image][\/et_pb_column][et_pb_column type=&#8220;1_3&#8243; _builder_version=&#8220;3.0.93&#8243; parallax=&#8220;off&#8220; parallax_method=&#8220;on&#8220;][et_pb_image src=&#8220;https:\/\/belfis.rs\/wp-content\/uploads\/2019\/08\/Program-IX-Evropskog-fitness-kongresa-02.jpg&#8220; show_in_lightbox=&#8220;on&#8220; _builder_version=&#8220;3.0.93&#8243; locked=&#8220;off&#8220;][\/et_pb_image][\/et_pb_column][\/et_pb_row][\/et_pb_section]<\/p>\n","protected":false},"excerpt":{"rendered":"<p>[et_pb_section fb_built=&#8220;1&#8243; _builder_version=&#8220;3.0.47&#8243;][et_pb_row _builder_version=&#8220;3.0.47&#8243; background_size=&#8220;initial&#8220; background_position=&#8220;top_left&#8220; background_repeat=&#8220;repeat&#8220;][et_pb_column type=&#8220;4_4&#8243; _builder_version=&#8220;3.0.47&#8243; parallax=&#8220;off&#8220; parallax_method=&#8220;on&#8220;][et_pb_blurb title=&#8220;IX Europ\u00e4ischer Fitnesskongress&#8220; _builder_version=&#8220;3.0.93&#8243; header_font=&#8220;|700||on|||||&#8220; header_text_align=&#8220;center&#8220; header_font_size=&#8220;25px&#8220; custom_margin=&#8220;||0px|&#8220; custom_padding=&#8220;||0px|&#8220;][\/et_pb_blurb][et_pb_image src=&#8220;https:\/\/belfis.rs\/wp-content\/uploads\/2019\/08\/IX-BANER-za-sajt-Nem.jpg&#8220; _builder_version=&#8220;3.0.93&#8243;][\/et_pb_image][\/et_pb_column][\/et_pb_row][et_pb_row _builder_version=&#8220;3.0.93&#8243;][et_pb_column type=&#8220;4_4&#8243; _builder_version=&#8220;3.0.47&#8243; parallax=&#8220;off&#8220; parallax_method=&#8220;on&#8220;][et_pb_text _builder_version=&#8220;3.0.93&#8243;]Der European Fitness Congress ist eine Manifestation von nationaler Bedeutung, die zum achten Mal in Folge mit Unterst\u00fctzung des Ministeriums f\u00fcr Jugend und Sport der Verein f\u00fcr Erholung [&hellip;]<\/p>\n","protected":false},"author":1,"featured_media":0,"parent":0,"menu_order":0,"comment_status":"closed","ping_status":"closed","template":"","meta":[],"yoast_head":"<!-- This site is optimized with the Yoast SEO plugin v19.8 - https:\/\/yoast.com\/wordpress\/plugins\/seo\/ -->\n<title>VIII Europ\u00e4ischer Fitnesskongress - Belfis 2024<\/title>\n<meta name=\"description\" content=\"BELFIS 2019 - Najvec\u0301i regionalni sajam fitnesa, velnesa i zdravlje \u2013 petak, subota, nedelja \u2013 4, 5, 6. oktobar 2019. godine \u2013 hala 3 Beogradskog sajma\" \/>\n<meta name=\"robots\" content=\"index, follow, max-snippet:-1, max-image-preview:large, max-video-preview:-1\" \/>\n<link rel=\"canonical\" href=\"https:\/\/belfis.rs\/de\/viii-europaeischer-fitnesskongress\/\" \/>\n<meta property=\"og:locale\" content=\"en_US\" \/>\n<meta property=\"og:type\" content=\"article\" \/>\n<meta property=\"og:title\" content=\"VIII Europ\u00e4ischer Fitnesskongress - Belfis 2024\" \/>\n<meta property=\"og:description\" content=\"BELFIS 2019 - Najvec\u0301i regionalni sajam fitnesa, velnesa i zdravlje \u2013 petak, subota, nedelja \u2013 4, 5, 6. oktobar 2019. godine \u2013 hala 3 Beogradskog sajma\" \/>\n<meta property=\"og:url\" content=\"https:\/\/belfis.rs\/de\/viii-europaeischer-fitnesskongress\/\" \/>\n<meta property=\"og:site_name\" content=\"Belfis 2024\" \/>\n<meta property=\"article:publisher\" content=\"https:\/\/www.facebook.com\/belfis2017\" \/>\n<meta property=\"article:modified_time\" content=\"2019-08-31T22:41:40+00:00\" \/>\n<meta name=\"twitter:card\" content=\"summary_large_image\" \/>\n<meta name=\"twitter:label1\" content=\"Gesch\u00e4tzte Lesezeit\" \/>\n\t<meta name=\"twitter:data1\" content=\"2 Minuten\" \/>\n<script type=\"application\/ld+json\" class=\"yoast-schema-graph\">{\"@context\":\"https:\/\/schema.org\",\"@graph\":[{\"@type\":\"WebPage\",\"@id\":\"https:\/\/belfis.rs\/de\/viii-europaeischer-fitnesskongress\/\",\"url\":\"https:\/\/belfis.rs\/de\/viii-europaeischer-fitnesskongress\/\",\"name\":\"VIII Europ\u00e4ischer Fitnesskongress - Belfis 2024\",\"isPartOf\":{\"@id\":\"https:\/\/belfis.rs\/#website\"},\"datePublished\":\"2018-05-31T13:07:02+00:00\",\"dateModified\":\"2019-08-31T22:41:40+00:00\",\"description\":\"BELFIS 2019 - Najvec\u0301i regionalni sajam fitnesa, velnesa i zdravlje \u2013 petak, subota, nedelja \u2013 4, 5, 6. oktobar 2019. godine \u2013 hala 3 Beogradskog sajma\",\"breadcrumb\":{\"@id\":\"https:\/\/belfis.rs\/de\/viii-europaeischer-fitnesskongress\/#breadcrumb\"},\"inLanguage\":\"de-DE\",\"potentialAction\":[{\"@type\":\"ReadAction\",\"target\":[\"https:\/\/belfis.rs\/de\/viii-europaeischer-fitnesskongress\/\"]}]},{\"@type\":\"BreadcrumbList\",\"@id\":\"https:\/\/belfis.rs\/de\/viii-europaeischer-fitnesskongress\/#breadcrumb\",\"itemListElement\":[{\"@type\":\"ListItem\",\"position\":1,\"name\":\"Home\",\"item\":\"https:\/\/belfis.rs\/de\/\"},{\"@type\":\"ListItem\",\"position\":2,\"name\":\"VIII Europ\u00e4ischer Fitnesskongress\"}]},{\"@type\":\"WebSite\",\"@id\":\"https:\/\/belfis.rs\/#website\",\"url\":\"https:\/\/belfis.rs\/\",\"name\":\"Belfis 2024\",\"description\":\"Fitness Congress\",\"potentialAction\":[{\"@type\":\"SearchAction\",\"target\":{\"@type\":\"EntryPoint\",\"urlTemplate\":\"https:\/\/belfis.rs\/?s={search_term_string}\"},\"query-input\":\"required name=search_term_string\"}],\"inLanguage\":\"de-DE\"}]}<\/script>\n<!-- \/ Yoast SEO plugin. -->","yoast_head_json":{"title":"VIII Europ\u00e4ischer Fitnesskongress - Belfis 2024","description":"BELFIS 2019 - Najvec\u0301i regionalni sajam fitnesa, velnesa i zdravlje \u2013 petak, subota, nedelja \u2013 4, 5, 6. oktobar 2019. godine \u2013 hala 3 Beogradskog sajma","robots":{"index":"index","follow":"follow","max-snippet":"max-snippet:-1","max-image-preview":"max-image-preview:large","max-video-preview":"max-video-preview:-1"},"canonical":"https:\/\/belfis.rs\/de\/viii-europaeischer-fitnesskongress\/","og_locale":"en_US","og_type":"article","og_title":"VIII Europ\u00e4ischer Fitnesskongress - Belfis 2024","og_description":"BELFIS 2019 - Najvec\u0301i regionalni sajam fitnesa, velnesa i zdravlje \u2013 petak, subota, nedelja \u2013 4, 5, 6. oktobar 2019. godine \u2013 hala 3 Beogradskog sajma","og_url":"https:\/\/belfis.rs\/de\/viii-europaeischer-fitnesskongress\/","og_site_name":"Belfis 2024","article_publisher":"https:\/\/www.facebook.com\/belfis2017","article_modified_time":"2019-08-31T22:41:40+00:00","twitter_card":"summary_large_image","twitter_misc":{"Gesch\u00e4tzte Lesezeit":"2 Minuten"},"schema":{"@context":"https:\/\/schema.org","@graph":[{"@type":"WebPage","@id":"https:\/\/belfis.rs\/de\/viii-europaeischer-fitnesskongress\/","url":"https:\/\/belfis.rs\/de\/viii-europaeischer-fitnesskongress\/","name":"VIII Europ\u00e4ischer Fitnesskongress - Belfis 2024","isPartOf":{"@id":"https:\/\/belfis.rs\/#website"},"datePublished":"2018-05-31T13:07:02+00:00","dateModified":"2019-08-31T22:41:40+00:00","description":"BELFIS 2019 - Najvec\u0301i regionalni sajam fitnesa, velnesa i zdravlje \u2013 petak, subota, nedelja \u2013 4, 5, 6. oktobar 2019. godine \u2013 hala 3 Beogradskog sajma","breadcrumb":{"@id":"https:\/\/belfis.rs\/de\/viii-europaeischer-fitnesskongress\/#breadcrumb"},"inLanguage":"de-DE","potentialAction":[{"@type":"ReadAction","target":["https:\/\/belfis.rs\/de\/viii-europaeischer-fitnesskongress\/"]}]},{"@type":"BreadcrumbList","@id":"https:\/\/belfis.rs\/de\/viii-europaeischer-fitnesskongress\/#breadcrumb","itemListElement":[{"@type":"ListItem","position":1,"name":"Home","item":"https:\/\/belfis.rs\/de\/"},{"@type":"ListItem","position":2,"name":"VIII Europ\u00e4ischer Fitnesskongress"}]},{"@type":"WebSite","@id":"https:\/\/belfis.rs\/#website","url":"https:\/\/belfis.rs\/","name":"Belfis 2024","description":"Fitness Congress","potentialAction":[{"@type":"SearchAction","target":{"@type":"EntryPoint","urlTemplate":"https:\/\/belfis.rs\/?s={search_term_string}"},"query-input":"required name=search_term_string"}],"inLanguage":"de-DE"}]}},"_links":{"self":[{"href":"https:\/\/belfis.rs\/de\/wp-json\/wp\/v2\/pages\/4809\/"}],"collection":[{"href":"https:\/\/belfis.rs\/de\/wp-json\/wp\/v2\/pages\/"}],"about":[{"href":"https:\/\/belfis.rs\/de\/wp-json\/wp\/v2\/types\/page\/"}],"author":[{"embeddable":true,"href":"https:\/\/belfis.rs\/de\/wp-json\/wp\/v2\/users\/1\/"}],"replies":[{"embeddable":true,"href":"https:\/\/belfis.rs\/de\/wp-json\/wp\/v2\/comments\/?post=4809"}],"version-history":[{"count":6,"href":"https:\/\/belfis.rs\/de\/wp-json\/wp\/v2\/pages\/4809\/revisions\/"}],"predecessor-version":[{"id":5766,"href":"https:\/\/belfis.rs\/de\/wp-json\/wp\/v2\/pages\/4809\/revisions\/5766\/"}],"wp:attachment":[{"href":"https:\/\/belfis.rs\/de\/wp-json\/wp\/v2\/media\/?parent=4809"}],"curies":[{"name":"wp","href":"https:\/\/api.w.org\/{rel}","templated":true}]}}

VIII Europäischer Fitnesskongress

<p>[et_pb_section fb_built=&#8220;1&#8243; _builder_version=&#8220;3.0.47&#8243;][et_pb_row _builder_version=&#8220;3.0.47&#8243; background_size=&#8220;initial&#8220; background_position=&#8220;top_left&#8220; background_repeat=&#8220;repeat&#8220;][et_pb_column type=&#8220;4_4&#8243; _builder_version=&#8220;3.0.47&#8243; parallax=&#8220;off&#8220; parallax_method=&#8220;on&#8220;][et_pb_blurb title=&#8220;IX Europäischer Fitnesskongress&#8220; _builder_version=&#8220;3.0.93&#8243; header_font=&#8220;|700||on|||||&#8220; header_text_align=&#8220;center&#8220; header_font_size=&#8220;25px&#8220; custom_margin=&#8220;||0px|&#8220; custom_padding=&#8220;||0px|&#8220;][/et_pb_blurb][et_pb_image src=&#8220;https://belfis.rs/wp-content/uploads/2019/08/IX-BANER-za-sajt-Nem.jpg&#8220; _builder_version=&#8220;3.0.93&#8243;][/et_pb_image][/et_pb_column][/et_pb_row][et_pb_row _builder_version=&#8220;3.0.93&#8243;][et_pb_column type=&#8220;4_4&#8243; _builder_version=&#8220;3.0.47&#8243; parallax=&#8220;off&#8220; parallax_method=&#8220;on&#8220;][et_pb_text _builder_version=&#8220;3.0.93&#8243;]Der European Fitness Congress ist eine Manifestation von nationaler Bedeutung, die zum achten Mal in Folge mit Unterstützung des Ministeriums für Jugend und Sport der Verein für Erholung und Fitness in Serbien erfolgreich umgesetzt wird.</p>
<p>Der European Fitness Congress gilt zu Recht als die wichtigste Veranstaltung seiner Art in der Region, die Maßstäbe setzt und sich im Laufe der Jahre verbessert (kompetente Dozenten, Simultanübersetzung zu den höchsten Standards, Ernährung und Erfrischung, Zertifikate und Materialien für Studenten usw.).<br />
[/et_pb_text][/et_pb_column][/et_pb_row][et_pb_row _builder_version=&#8220;3.0.93&#8243;][et_pb_column type=&#8220;1_3&#8243; _builder_version=&#8220;3.0.93&#8243; parallax=&#8220;off&#8220; parallax_method=&#8220;on&#8220;][et_pb_image src=&#8220;https://belfis.rs/wp-content/uploads/2019/08/Program-IX-Evropskog-fitness-kongresa-04.jpg&#8220; show_in_lightbox=&#8220;on&#8220; _builder_version=&#8220;3.0.93&#8243;][/et_pb_image][/et_pb_column][et_pb_column type=&#8220;1_3&#8243; _builder_version=&#8220;3.0.93&#8243; parallax=&#8220;off&#8220; parallax_method=&#8220;on&#8220;][et_pb_image src=&#8220;https://belfis.rs/wp-content/uploads/2019/08/Program-IX-Evropskog-fitness-kongresa-03.jpg&#8220; show_in_lightbox=&#8220;on&#8220; _builder_version=&#8220;3.0.93&#8243; locked=&#8220;off&#8220;][/et_pb_image][/et_pb_column][et_pb_column type=&#8220;1_3&#8243; _builder_version=&#8220;3.0.93&#8243; parallax=&#8220;off&#8220; parallax_method=&#8220;on&#8220;][et_pb_image src=&#8220;https://belfis.rs/wp-content/uploads/2019/08/Program-IX-Evropskog-fitness-kongresa-02.jpg&#8220; show_in_lightbox=&#8220;on&#8220; _builder_version=&#8220;3.0.93&#8243; locked=&#8220;off&#8220;][/et_pb_image][/et_pb_column][/et_pb_row][/et_pb_section]</p>

<p>[et_pb_section fb_built=&#8220;1&#8243; _builder_version=&#8220;3.0.47&#8243;][et_pb_row _builder_version=&#8220;3.0.47&#8243; background_size=&#8220;initial&#8220; background_position=&#8220;top_left&#8220; background_repeat=&#8220;repeat&#8220;][et_pb_column type=&#8220;4_4&#8243; _builder_version=&#8220;3.0.47&#8243; parallax=&#8220;off&#8220; parallax_method=&#8220;on&#8220;][et_pb_blurb title=&#8220;IX Europäischer Fitnesskongress&#8220; _builder_version=&#8220;3.0.93&#8243; header_font=&#8220;|700||on|||||&#8220; header_text_align=&#8220;center&#8220; header_font_size=&#8220;25px&#8220; custom_margin=&#8220;||0px|&#8220; custom_padding=&#8220;||0px|&#8220;][/et_pb_blurb][et_pb_image src=&#8220;https://belfis.rs/wp-content/uploads/2019/08/IX-BANER-za-sajt-Nem.jpg&#8220; _builder_version=&#8220;3.0.93&#8243;][/et_pb_image][/et_pb_column][/et_pb_row][et_pb_row _builder_version=&#8220;3.0.93&#8243;][et_pb_column type=&#8220;4_4&#8243; _builder_version=&#8220;3.0.47&#8243; parallax=&#8220;off&#8220; parallax_method=&#8220;on&#8220;][et_pb_text _builder_version=&#8220;3.0.93&#8243;]Der European Fitness Congress ist eine Manifestation von nationaler Bedeutung, die zum achten Mal in Folge mit Unterstützung des Ministeriums für Jugend und Sport der Verein für Erholung [&hellip;]</p>

<!-- This site is optimized with the Yoast SEO plugin v19.8 - https://yoast.com/wordpress/plugins/seo/ -->
<title>VIII Europäischer Fitnesskongress - Belfis 2024</title>
<meta name="description" content="BELFIS 2019 - Najveći regionalni sajam fitnesa, velnesa i zdravlje – petak, subota, nedelja – 4, 5, 6. oktobar 2019. godine – hala 3 Beogradskog sajma" />
<meta name="robots" content="index, follow, max-snippet:-1, max-image-preview:large, max-video-preview:-1" />
<link rel="canonical" href="https://belfis.rs/de/viii-europaeischer-fitnesskongress/" />
<meta property="og:locale" content="en_US" />
<meta property="og:type" content="article" />
<meta property="og:title" content="VIII Europäischer Fitnesskongress - Belfis 2024" />
<meta property="og:description" content="BELFIS 2019 - Najveći regionalni sajam fitnesa, velnesa i zdravlje – petak, subota, nedelja – 4, 5, 6. oktobar 2019. godine – hala 3 Beogradskog sajma" />
<meta property="og:url" content="https://belfis.rs/de/viii-europaeischer-fitnesskongress/" />
<meta property="og:site_name" content="Belfis 2024" />
<meta property="article:publisher" content="https://www.facebook.com/belfis2017" />
<meta property="article:modified_time" content="2019-08-31T22:41:40+00:00" />
<meta name="twitter:card" content="summary_large_image" />
<meta name="twitter:label1" content="Geschätzte Lesezeit" />
	<meta name="twitter:data1" content="2 Minuten" />
<script type="application/ld+json" class="yoast-schema-graph">{"@context":"https://schema.org","@graph":[{"@type":"WebPage","@id":"https://belfis.rs/de/viii-europaeischer-fitnesskongress/","url":"https://belfis.rs/de/viii-europaeischer-fitnesskongress/","name":"VIII Europäischer Fitnesskongress - Belfis 2024","isPartOf":{"@id":"https://belfis.rs/#website"},"datePublished":"2018-05-31T13:07:02+00:00","dateModified":"2019-08-31T22:41:40+00:00","description":"BELFIS 2019 - Najveći regionalni sajam fitnesa, velnesa i zdravlje – petak, subota, nedelja – 4, 5, 6. oktobar 2019. godine – hala 3 Beogradskog sajma","breadcrumb":{"@id":"https://belfis.rs/de/viii-europaeischer-fitnesskongress/#breadcrumb"},"inLanguage":"de-DE","potentialAction":[{"@type":"ReadAction","target":["https://belfis.rs/de/viii-europaeischer-fitnesskongress/"]}]},{"@type":"BreadcrumbList","@id":"https://belfis.rs/de/viii-europaeischer-fitnesskongress/#breadcrumb","itemListElement":[{"@type":"ListItem","position":1,"name":"Home","item":"https://belfis.rs/de/"},{"@type":"ListItem","position":2,"name":"VIII Europäischer Fitnesskongress"}]},{"@type":"WebSite","@id":"https://belfis.rs/#website","url":"https://belfis.rs/","name":"Belfis 2024","description":"Fitness Congress","potentialAction":[{"@type":"SearchAction","target":{"@type":"EntryPoint","urlTemplate":"https://belfis.rs/?s={search_term_string}"},"query-input":"required name=search_term_string"}],"inLanguage":"de-DE"}]}</script>
<!-- / Yoast SEO plugin. -->

VIII Europäischer Fitnesskongress - Belfis 2024
